f 2803476208?
2, 13, 13478251
List the prime factors of 2576010999.
3, 31, 27699043
What are the prime factors of 1335329627?
293, 4557439
List the prime factors of 3234055065.
3, 5, 215603671
List the prime factors of 247821029.
8429, 29401
List the prime factors of 1820626569.
3, 19, 173, 61543
What are the prime factors of 4819733741?
1129, 4269029
What are the prime factors of 500852587?
500852587
List the prime factors of 91842846.
2, 3, 19, 805639
List the prime factors of 48313665.
3, 5, 119293
What are the prime factors of 3171205335?
3, 5, 431, 490519
List the prime factors of 59970325.
5, 1439, 1667
What are the prime factors of 4116916602?
2, 3, 23, 1237, 8039
List the prime factors of 845710678.
2, 71, 5955709
What are the prime factors of 375506220?
2, 3, 5, 71, 181, 487
List the prime factors of 1134374027.
479, 2368213
What are the prime factors of 1439503537?
29, 37, 46261
List the prime factors of 296887652.
2, 43, 1726091
What are the prime factors of 25718279?
25718279
List the prime factors of 22373855.
5, 7, 639253
What are the prime factors of 2097964097?
19, 739, 149417
List the prime factors of 288748559.
11, 1013, 25913
What are the prime factors of 224089754?
2, 7, 641, 24971
List the prime factors of 2395096280.
2, 5, 59877407
What are the prime factors of 5692928?
2, 11119
List the prime factors of 5708049.
3, 157, 12119
List the prime factors of 482914563.
3, 17, 9468913
What are the prime factors of 257768874?
2, 3, 11, 1301863
List the prime factors of 276471001.
276471001
What are the prime factors of 127591775?
5, 5103671
What are the prime factors of 30539064?
2, 3, 1272461
What are the prime factors of 48333350?
2, 5, 13, 23, 53, 61
List the prime factors of 3860050.
2, 5, 77201
What are the prime factors of 544040327?
7621, 71387
List the prime factors of 1418622626.
2, 24091, 29443
List the prime factors of 6143813816.
2, 7, 109710961
What are the prime factors of 59197577?
419, 141283
What are the prime factors of 108533778?
2, 3, 103, 175621
What are the prime factors of 20920714?
2, 10460357
What are the prime factors of 529055635?
5, 5441, 19447
List the prime factors of 3596946.
2, 3, 599491
What are the prime factors of 186270914?
2, 71, 1311767
What are the prime factors of 110423988?
2, 3, 41, 79, 947
What are the prime factors of 2220378724?
2, 269, 2063549
What are the prime factors of 6217911?
3, 7, 167, 197
What are the prime factors of 2403616118?
2, 1201808059
List the prime factors of 1297891137.
3, 97, 4460107
What are the prime factors of 291831535?
5, 58366307
List the prime factors of 167352622.
2, 8761, 9551
What are the prime factors of 4662968571?
3, 31, 491, 34039
List the prime factors of 418954306.
2, 8447, 24799
What are the prime factors of 50299542?
2, 3, 34499
What are the prime factors of 370609398?
2, 3, 6863137
What are the prime factors of 39523935?
3, 5, 11, 239539
List the prime factors of 253764986.
2, 487, 260539
What are the prime factors of 71665559?
7, 37, 89, 3109
List the prime factors of 65160648.
2, 3, 7, 129287
List the prime factors of 367566033.
3, 122522011
What are the prime factors of 67213191?
3, 113, 331, 599
What are the prime factors of 46298680?
2, 5, 53, 21839
What are the prime factors of 31208288?
2, 975259
List the prime factors of 372230300.
2, 5, 13, 17, 16843
List the prime factors of 64242719.
64242719
List the prime factors of 4364373476.
2, 3617, 301657
What are the prime factors of 706932118?
2, 353466059
List the prime factors of 82526275.
5, 13, 271, 937
What are the prime factors of 1240852480?
2, 5, 7, 2473
List the prime factors of 105527947.
7, 15075421
List the prime factors of 21871345.
5, 4374269
What are the prime factors of 8913047?
11, 13, 157, 397
What are the prime factors of 955605481?
955605481
What are the prime factors of 2313206923?
59, 823, 47639
List the prime factors of 315398882.
2, 67, 2353723
What are the prime factors of 63449953?
7, 47, 27551
List the prime factors of 1320268218.
2, 3, 23, 73, 83, 1579
What are the prime factors of 60577135?
5, 83, 145969
List the prime factors of 3495455499.
3, 31, 37585543
What are the prime factors of 5381909121?
3, 89, 20156963
List the prime factors of 65399448.
2, 3, 673, 4049
What are the prime factors of 6668291909?
439, 15189731
List the prime factors of 223219703.
7, 41, 777769
What are the prime factors of 468716946?
2, 3, 683, 114377
What are the prime factors of 11971209?
3, 163, 24481
List the prime factors of 41607099.
3, 1087, 4253
What are the prime factors of 6249000428?
2, 11, 7369, 19273
List the prime factors of 192649635.
3, 5, 4281103
What are the prime factors of 6638797?
11, 47, 12841
List the prime factors of 39684675.
3, 5, 529129
List the prime factors of 1246212147.
3, 19, 21863371
What are the prime factors of 382632574?
2, 433, 441839
What are the prime factors of 2154061298?
2, 53, 107, 179, 1061
What are the prime factors of 549712825?
5, 21988513
List the prime factors of 622600166.
2, 311300083
What are the prime factors of 106417695?
3, 5, 661, 10733
List the prime factors of 6752690135.
5, 1350538027
List the prime factors of 521383178.
2, 1999, 130411
List the prime factors of 1973890548.
2, 3, 7, 59, 132761
What are the prime factors of 14084361?
3, 41, 4241
List the prime factors of 44842843.
44842843
What are the prime factors of 1456246824?
2, 3, 31, 1957321
What are the prime factors of 165728150?
2, 5, 7, 41, 11549
List the prime factors of 920223361.
331, 2780131
List the prime factors of 56694340.
2, 5, 2834717
List the prime factors of 144787923.
3, 7, 19, 29, 43, 97
List the prime factors of 90381880.
2, 5, 313, 7219
What are the prime factors of 214923157?
214923157
List the prime factors of 1904037904.
2, 229, 349, 1489
List the prime factors of 1445005451.
1445005451
What are the prime factors of 23969292?
2, 3, 1997441
List the prime factors of 87304926.
2, 3, 14550821
List the prime factors of 94474570.
2, 5, 23, 410759
List the prime factors of 1347834161.
349, 3861989
What are the prime factors of 3951918012?
2, 3, 7, 1009, 6661
List the prime factors of 266812145.
5, 6361, 8389
List the prime factors of 3354224587.
7, 68453563
What are the prime factors of 551336125?
5, 709, 6221
List the prime factors of 887184049.
17, 3069841
What are the prime factors of 426513826?
2, 67, 3182939
List the prime factors of 22949268.
2, 3, 919, 2081
List the prime factors of 173552779.
17, 23, 443869
List the prime factors of 22650186.
2, 3, 13, 53, 5479
List the prime factors of 1865995719.
3, 7, 19, 367, 12743
List the prime factors of 5497066548.
2, 3, 19, 257, 31271
What are the prime factors of 439090355?
5, 11, 23, 31, 11197
List the prime factors of 14506782.
2, 3, 2417797
List the prime factors of 4353973542.
2, 3, 241887419
List the prime factors of 45996964.
2, 13, 23, 38459
What are the prime factors of 79832015?
5, 19, 59, 14243
What are the prime factors of 48501569?
1303, 37223
What are the prime factors of 263699270?
2, 5, 67, 393581
What are the prime factors of 1356101195?
5, 53, 5117363
What are the prime factors of 18115498?
2, 9057749
What are the prime factors of 250897675?
5, 7, 89, 181
What are the prime factors of 2621750659?
11, 17, 61, 229837
What are the prime factors of 87139687?
1487, 58601
List the prime factors of 5002162.
2, 11, 227371
List the prime factors of 325938504.
2, 3, 1487, 9133
What are the prime factors of 35769279?
3, 7, 13, 131023
List the prime factors of 467756523.
3, 13, 3997919
List the prime factors of 5072109227.
59, 85967953
What are the prime factors of 8026580625?
3, 5, 7, 611549
What are the prime factors of 2864391671?
1321, 2168351
What are the prime factors of 1927170905?
5, 11, 35039471
List the prime factors of 76065857.
7, 281, 38671
What are the prime factors of 911503082?
2, 7, 65107363
List the prime factors of 351337385.
5, 7, 17, 37, 15959
List the prime factors of 181110602.
2, 23, 3937187
List the prime factors of 141669009.
3, 3527, 4463
What are the prime factors of 747329467?
6449, 115883
What are the prime factors of 219773894?
2, 109886947
What are the prime factors of 2828412113?
2828412113
List the prime factors of 292288133.
151, 1935683
List the prime factors of